 q be (5/(-2))/(((-6)/180)/1). Suppose q*y - 79*y = -72. Let g = 6 - -84. Calculate the highest common factor of g and y.
18
Let m(l) = 9*l**2 + 7*l + 90. Let n be m(5). Calculate the highest common factor of n and 14.
14
Let q = -2648 + 2661. What is the greatest common divisor of q and 559?
13
Let d be ((-2)/(-4))/(11683/(-2338) - -5). Let s = d - 131. Let f be 0*2/6 - -36. Calculate the greatest common factor of f and s.
36
Let r = 23843 - 23783. Calculate the highest common factor of r and 11748.
12
Let x be 567/56 + (-4)/32. What is the highest common divisor of 2725 and x?
5
Let p(z) = -14*z**2 - 504*z + 240. Let j be p(-36). Calculate the greatest common divisor of j and 5730.
30
Let n = -4 - -19. Let t be 18/n*120/9. Suppose 15*m + 12 = t*m. Calculate the greatest common factor of 3 and m.
3
Let s be ((-98)/(-21) - 6)/(2/(-27)). Let g(k) = -17*k**2 + k. Let b be g(-1). Let x be b/4*(-8)/3. What is the highest common divisor of s and x?
6
Suppose n - 3*u - 480 = 0, -5*n - u + 2324 = 3*u. What is the greatest common divisor of n and 377?
13
Suppose -100*j + 27*j + 76500 = 27*j. Calculate the greatest common divisor of j and 405.
45
Let k be (8550/405)/((-5)/(-54)). Let s = 134 - -151. Calculate the greatest common divisor of s and k.
57
Let q be (-4)/(-14) - 988*36/(-168). What is the highest common factor of 2279 and q?
53
Suppose -65*t + 3*v = -70*t, v = 4*t - 17. Let a(k) = -2*k - 11. Let f be a(-8). Calculate the greatest common divisor of f and t.
1
Suppose 2*y = y + 1, -5*y + 23 = -2*u. Let o(c) = -4*c - 33. Let n be o(u). Calculate the highest common factor of n and 153.
3
Suppose -835*y + 821*y + 14 = 0. What is the greatest common divisor of 293 and y?
1
Suppose -291 = 16*s - 675. Calculate the greatest common divisor of s and 162.
6
Let u(t) = -3*t**3 + 2*t. Let c be u(3). Let i = c - -152. Let p = 31584 - 31577. Calculate the greatest common factor of p and i.
7
Let i(n) = 164*n - 1274. Let p be i(8). What is the greatest common factor of p and 1786?
38
Let f(l) = 12*l - 6. Let b be f(2). Suppose -5*p - 4*p - b = 0. Let v(q) = q**2 - 2*q + 1. Let c be v(p). What is the greatest common factor of 6 and c?
3
Let s be (3*-3 - (-23)/((-276)/(-72))) + 515. Calculate the highest common factor of 1472 and s.
64
Let y(o) = -4*o**2 + 218*o - 315. Let s be y(53). Calculate the greatest common factor of 3180 and s.
3
Let q(y) = -y**3 - 13*y**2 - 30*y. Let f be q(-11). Suppose 16*o = -f + 1720. What is the highest common divisor of o and 12?
6
Let k = -480 - -487. Let v(p) = -p**3 + 14*p**2 + 3*p - 28. Let t be v(14). Calculate the greatest common factor of k and t.
7
Let j = 5660 + -5644. What is the greatest common factor of 5096 and j?
8
Let p = 24 - 8. Suppose -74*o - 256 = -78*o - 2*x, -4*x = -2*o + 128. Calculate the highest common divisor of p and o.
16
Let n be (322/(-42) - 14)*3/(-5). What is the highest common factor of n and 8983?
13
Let b(w) = -32*w**2 - 3 + 4*w - 2*w + 35*w**2 + w. Let l be b(6). Let a = -78 + l. What is the greatest common factor of 5 and a?
5
Let t = -325 + 351. Calculate the highest common divisor of t and 6.
2
Let n be ((-94)/4)/((-7)/(-308)*-2). Calculate the greatest common divisor of n and 22.
11
Let o be ((-16092)/(-7))/3 - (-14)/(-49). Let k = o + -541. Calculate the greatest common divisor of k and 9.
9
Let r = 46 - 33. Let i = 92 + -93. Let y be 37/3 + (i - 5/(-3)). Calculate the highest common factor of r and y.
13
Let j(x) = -2*x + 22. Let b be j(10). Suppose b*y - 46 - 92 = 0. Let u = 66 + y. What is the highest common factor of u and 15?
15
Suppose -11*f + 2108 = 32*f - 12*f. Calculate the highest common factor of f and 7684.
68
Suppose -c = -n + 7, 4*c - 2*c = 5*n - 47. Let u(s) = -s**3 + 7*s**2 + 62*s - 28. Let m be u(n). What is the greatest common divisor of 102 and m?
34
Let g(f) = 437*f - 11332. Let j be g(26). What is the highest common factor of j and 4555?
5
Suppose -80*c - 47*c + 26143 + 7512 = 0. Calculate the highest common factor of 155 and c.
5
Let o(z) be the third derivative of -z**4/24 - z**3/2 - 19*z**2. Let d be o(16). Let k = d - -27. What is the greatest common divisor of k and 32?
8
Let u = -588 - -654. Calculate the highest common divisor of 312 and u.
6
Let a be 11666/6 + 1/(-3). Let q be 15/15*(14 - (-2)/2). Suppose 6*f - q*f + a = 0. What is the greatest common factor of 24 and f?
24
Let p(x) = 2*x - 2. Let s be p(-7). Let w = -210 + 156. Let t = s - w. Calculate the greatest common divisor of 19 and t.
19
Suppose 14*h - 10*h = 5*q - 183, 2*q - 4*h - 78 = 0. Let o = -21 + 56. Calculate the highest common factor of q and o.
35
Let p be ((-3)/(-2))/(((-42)/(-424))/7). Suppose -3829 = -58*a - 755. Calculate the highest common factor of p and a.
53
Let y(u) = u**2 + 163*u + 2357. Let d be y(-16). Calculate the greatest common divisor of d and 405.
5
Let q(z) = -z**3 + 24*z**2 + 23*z + 86. Let o be q(25). Suppose -4*t = -24 - o. What is the highest common factor of t and 55?
5
Let s be (-1)/(15/9 + -2). Suppose 2*x - 5*v + 14 = 0, 4*x - s*x = -v + 7. Let g = 3 + -1. Calculate the greatest common factor of x and g.
1
Let z be -4 - 26*6/(-12). Calculate the greatest common factor of 3240 and z.
9
Suppose 64*m - 396 = 63*m. Suppose -400*v + 1080 = -m*v. Calculate the highest common factor of 162 and v.
54
Suppose -35 = -4*h - 3*h. Suppose -h*j - 4 + 19 = 0. Suppose -4*a + 932 = 4*p, 0*a + j*a = -p + 695. Calculate the highest common divisor of 21 and a.
21
Let c = -73 - -85. Suppose 8*k + 484 = c*k. Let j(b) = -b**3 + 5*b**2 + 2*b + 1. Let y be j(5). Calculate the highest common divisor of k and y.
11
Suppose -3*z = 0, -4*l + 6*l + 5*z + 12 = 0. Let b be l - (6 - -828)/(-3). What is the greatest common divisor of 64 and b?
16
Suppose -3*w + 5*w = -s + 252, 2*w = 5*s + 228. Calculate the highest common divisor of w and 341.
31
Suppose 2*h + f = -53, 5*f + 38 + 11 = -2*h. Let a be -1 + h/(-15) + (-1110)/(-50). Calculate the highest common factor of 23 and a.
23
Let f be ((-210)/980)/(1/(-42)). Calculate the greatest common divisor of 71 and f.
1
Suppose 5*r + 104 = 2*g, r + 54 - 8 = g. Suppose g*y + 1400 = 52*y. What is the greatest common divisor of y and 40?
20
Suppose 409*s - 799*s + 408*s - 16632 = 0. What is the greatest common factor of s and 396?
132
Suppose -3*z + 41 = 158. Let s = z - -51. Suppose 9 = 3*y, -4*y + s + 5 = x. What is the greatest common factor of x and 25?
5
Let t be (-10777)/(-26) + 16 - 6/4. What is the greatest common divisor of 221 and t?
13
Let v = -319 - -14. Let c be 213/5 + 183/v. Calculate the greatest common factor of 28 and c.
14
Let t(w) = w**3 + 8*w**2 - 29*w - 210. Let i be t(-5). Let p(v) = -v**2 + 6*v + 5. Let d be p(5). Calculate the greatest common divisor of i and d.
10
Suppose 1 + 99 = 3*s + f, -4*f = 2*s - 70. Let a(r) = r**3 - 6*r**2 - 5*r - 9. Let u be a(7). Let q = 27 - u. What is the greatest common divisor of s and q?
11
Let h be ((-72)/20*(-1)/(-2))/((-6)/230). Calculate the highest common factor of 1587 and h.
69
Let m be (14 + -7)/((-2)/8). Let x = -25 - m. Suppose 3*u = x*j + 2*j - 90, -3*j - 4*u + 25 = 0. Calculate the greatest common divisor of j and 105.
15
Suppose 3*t + 1021 = -5*d, -3*d + 4*t = 2*d + 1007. Let v = -108 - d. Calculate the highest common divisor of v and 19.
19
Let w(c) = 9*c - 2*c**2 + 3*c + c**2 + 1054 - 1063. Let z be w(5). Calculate the greatest common divisor of 208 and z.
26
Let z be (-5 - -7)/(2/130). Let v = 207 + -207. Let m be -4 - (v + -10) - -4. Calculate the highest common divisor of m and z.
10
Suppose 6*s - 5*s + 45 = 0. Let q = s + 56. Suppose q*y = 14*y - 150. Calculate the highest common factor of 10 and y.
10
Let k be (-6)/(-4)*(-1575560)/(-510). What is the highest common divisor of 28 and k?
14
Let v be (-2 + -30)*6/(-8). Suppose l - 5*r + 4 = 30, -5*r = -4*l + 134. Suppose -v*n - l = -27*n. What is the highest common divisor of 3 and n?
3
Let y(w) = -2*w**2 - 41*w - 10. Let k be y(-20). Suppose -4*m + 406 = -354. Calculate the greatest common factor of m and k.
10
Suppose -3*m + 279 = 87. Suppose 679*h - 174 - 50 = 678*h. What is the greatest common factor of m and h?
32
Let t(p) = 39*p**2 + 983*p + 14. Let w be t(-27). What is the highest common factor of 357 and w?
119
Let h(f) 